 be k(-14). Suppose -3*w = -4*w + v. What is the units digit of w?
1
Suppose -692 = 29*r - 30*r. What is the units digit of r?
2
Let h(z) = -6*z**3 - z**2. Let k be h(-1). What is the hundreds digit of ((-217)/5 - -1)/((-2)/k)?
1
Let m = 1108 - 615. What is the units digit of m?
3
Let i(n) = -27*n - 1331. What is the units digit of i(-83)?
0
Let d(g) = -9*g + 10*g + 3*g + 4*g**2 - 4. What is the units digit of d(-6)?
6
Let b(w) = -7*w**2 - 7*w - 1. Let u(t) = 29 - t**2 + t**3 - 29 - t. Let a(j) = b(j) - 5*u(j). What is the tens digit of a(-2)?
3
Suppose 0*l + 5*l + 385 = 0. Let s be 2/(-4) - l/(-22). What is the units digit of 6/s + (-140)/(-8)?
6
Let u = 32 + 141. What is the units digit of u?
3
Let h(r) = -r + 154. What is the units digit of h(-4)?
8
Suppose 3*c - 1067 = -2*r, 6*c - 4*c - 5*r - 705 = 0. What is the tens digit of c?
5
Let p = -2050 + 3023. What is the units digit of p?
3
Let v be 12/(-10)*(-7 - -2). Let m be 2/3 + (-328)/v. Let c = -29 - m. What is the tens digit of c?
2
Suppose 0 = -4*k - 4*r + 184, 5*k + 4*r + 139 - 373 = 0. Suppose 3*t - 190 - k = 0. What is the units digit of t?
0
Let y(t) = -71*t + 78. What is the tens digit of y(-26)?
2
Let q = 22 - 18. Suppose q*d + 3*p = 1097, 0*p + 1374 = 5*d + p. Suppose 2*g - d = -3*g. What is the units digit of g?
5
Let o(k) = -2*k - 5. Let r be o(-4). Suppose r*t + 2*b - 43 = 0, 4*t + 5*b = -t + 80. What is the tens digit of t?
1
Suppose -582 = -3*w + w. Suppose -i = 5*y - 79, 5*i - w = i + 5*y. Suppose q + 5*s + 21 = 3*q, -3*q = s - i. What is the units digit of q?
3
Let t = -46 + 46. Suppose -3*o - 2*o = w - 80, w - o - 104 = t. What is the units digit of w?
0
Suppose 2*u - 22 = 4*w, -3*w = 2*u - 7 - 1. Let l(b) = -6*b - 12. Let j be l(u). What is the units digit of 2/(-9) + (-120)/j?
2
Let y(o) = o + 45. Let l = 23 - 22. Suppose m = -l, -5*d - 2*m - 2 = -0. What is the units digit of y(d)?
5
Suppose -5*n = -2*k - 33, -k - 2*k - 12 = 0. Suppose -n*v + 40 = -0*v. Suppose 0 = -2*x - 2 + v. What is the units digit of x?
3
Let v be 2/(6*(-2)/(-24)). What is the hundreds digit of 2 + (-1 - (-600)/v)?
1
Let f be (-281)/9 - -4 - (-2)/9. Let o = f - -146. What is the units digit of o?
9
Let j(y) be the first derivative of -y**4/4 - 4*y**3 + 7*y**2 + 17*y - 6. Let g be j(-13). Suppose -g*z - 2 = -6. What is the units digit of z?
1
What is the hundreds digit of (-8)/(-14) - (-36975)/35?
0
Suppose -4*z - 3*n = -677, -4*z - 2*n = -0*n - 674. What is the hundreds digit of z?
1
Let h be (-51)/(-7) + (-2)/7. Suppose 25*j + 24 = 31*j. What is the tens digit of 30/j*(h + -5)?
1
Let x = 108 - 105. What is the units digit of x?
3
Suppose 3*a + 4 = -o, 0*o + 2*a = o + 9. What is the units digit of 3/(-21) + (-92)/o?
3
Suppose -2*w - 358 = -q, -4*w + w - 1074 = -3*q. What is the units digit of q?
8
Let n be 7 + 213/(-3)*-1. Let t be 0 + (-3)/(6/(-4)). Suppose -4*g + n = u, t*u + 59 = -g + 180. What is the tens digit of u?
5
Let g(x) = 39*x. Let t be g(1). Let j be (-30)/(-26) - 6/t. Suppose -6 = -p + j. What is the units digit of p?
7
Suppose -3*v - 4*q + 6 = -3*q, 4*v - 4*q = 8. Suppose v*c = -2 - 4. What is the units digit of c/(-27) + (-2100)/(-54)?
9
Let b(h) = -2*h + 5. Let q be b(5). Let v be (-6)/(2 - 0) - q. Suppose -4*n - 4*y + 40 = 0, 4*y - 2*y = v*n - 40. What is the units digit of n?
5
Let t(u) = 10*u - 19*u + 8*u - 6. Let y be t(-8). Suppose 116 = y*d + 2*d + 5*a, 2*d - 3*a = 58. What is the units digit of d?
9
What is the units digit of ((-523)/5)/((-17)/85)?
3
Let t be -549 - 6*8/(-12). What is the tens digit of 8/12 + t/(-15)?
3
Suppose 4*w = 10*k - 6*k - 268, -49 = -k - 5*w. What is the units digit of k?
4
Suppose 7*r + 56 = 168. What is the units digit of r?
6
What is the tens digit of (-7 - -754) + (-2 - -3)?
4
What is the tens digit of 75 + -68 + (-1539)/(-1)?
4
Let j = 30 - 22. Suppose 5*h - j*h = -189. What is the units digit of h?
3
Suppose -3 = 3*q + 5*f, -f = -3*q - 0*f - 21. Let y be ((-30)/(-20))/(q/(-136)). Suppose 3*l - y = l. What is the units digit of l?
7
Let z(g) = 2*g**3 - 6*g**2 - 2*g - 3. Let b(m) = 8*m - 11. Let k be b(2). What is the tens digit of z(k)?
8
Let m(j) = -9*j - 22. Let y(b) = -10*b - 23. Let f(i) = 7*m(i) - 6*y(i). What is the tens digit of f(-25)?
5
Suppose 0 = 4*d + 2*z - 2214, -4*d + 9*d - 5*z - 2760 = 0. What is the units digit of d?
3
Suppose -2965 = -16*j + 3131. What is the hundreds digit of j?
3
Suppose -12*c - 171 + 24315 = 0. What is the thousands digit of c?
2
Let k = 42 - 38. Suppose 45 = f + 3*l, k*f - 3*l = 2*f + 45. What is the units digit of f?
0
Let i = -55 + 30. What is the tens digit of ((-477)/(-5))/1 + 10/i?
9
Let f = 2167 + -244. What is the thousands digit of f?
1
Let d = 74 - 128. Let x be d/36*(-8)/6. Suppose 0 = -x*h - 11 + 41. What is the tens digit of h?
1
Let b = -1011 + 1352. What is the units digit of b?
1
Let p = 70 - 67. Suppose p*y = 167 - 38. What is the tens digit of y?
4
Let x = 121 + -65. Let k = -16 + 3. Let f = x + k. What is the units digit of f?
3
Let h(u) = 2*u**2 + 8*u + 12. Suppose 0 = -2*i + 2*c, 13 = -4*c - 7. Let n be h(i). Let v = n + -1. What is the tens digit of v?
2
Let y(p) = 2*p**2 + 18*p + 113. What is the hundreds digit of y(-14)?
2
What is the units digit of 61*81 - (-12 + 11)?
2
Let f(s) = -4*s + 21. Let t be f(-7). Let z be 8/(-14) + 1743/t. Suppose 0 = 4*u - k - 61, 4*u + k - z = 2*u. What is the units digit of u?
6
What is the thousands digit of 305620/252 - -2*(-3)/(-27)?
1
Suppose -w - 68 = -2*k, 2*k - w = -3*k + 170. Let o = 42 - k. What is the units digit of o?
8
Let g be -89*(-9)/((-36)/(-8)). Suppose -5*t + 142 + g = 0. What is the tens digit of t?
6
Let g(o) = 6*o - 48. Let p be g(16). What is the units digit of p - (-6 - -4) - 1?
9
What is the tens digit of (21 - -5)/(1 - (-30)/(-34))?
2
Let n be ((-3)/2)/(15/(-20)). Suppose -n*h = 3*h - 120. What is the units digit of (-413)/(-6) - (-4)/h?
9
Let r be -1*752/4*-1. Suppose -2*p = -2*u - r, -2*p - 2*p + 2*u + 384 = 0. What is the units digit of p?
8
Let j = 744 + 756. What is the units digit of j?
0
Suppose -2*y = 15 - 85. Let c = y + 36. What is the units digit of c?
1
Let i be (-4)/8 + (-63)/(-2). Suppose -3*v - 4*q = -v - 8, -v = -5*q + i. What is the units digit of (-1)/(v/46)*3?
3
Let d(b) = 13 + 7*b**2 - 8*b**2 - b + 0*b + b**3. Suppose x = 6*x - 2*o + 10, 0 = 4*x + o - 5. What is the tens digit of d(x)?
1
Suppose 5*s + 19 - 59 = 0. Let m be (2 + 0)*468/s. Suppose 4*o = 3*l + 2*o - m, -l + 2*o + 35 = 0. What is the units digit of l?
1
Suppose 0 = k + 7 + 8. Let b be (13/(-3) - -4)*k. Let c = 15 - b. What is the tens digit of c?
1
Let r(i) = i**3 + 7*i**2 + 9*i - 17. What is the units digit of r(9)?
0
Let x = -14 + 4. Let n = 32 - 56. Let d = x - n. What is the units digit of d?
4
Suppose -4 + 5 = -u. Let i be (u + 4/8)*-194. Suppose -4*x - 5*v = -0*x - 169, 2*x - i = -5*v. What is the units digit of x?
6
Suppose -7*h + 2538 = 2*h. What is the hundreds digit of h?
2
What is the tens digit of (-330)/(-20)*(-80)/(-12)?
1
Let u(w) = 10*w - 27*w + 0*w - 8. What is the hundreds digit of u(-10)?
1
Suppose 11*i + 122 = 9*i. Let r = -43 - i. What is the units digit of r?
8
Let q(x) = 22*x - 76. What is the tens digit of q(4)?
1
Suppose i + 2*v = 3*v - 3, 5*i = -4*v - 15. Suppose -59 - 20 = -n. Let o = i + n. What is the tens digit of o?
7
Let o be (16 - (-6)/(-2))/1. Let d = o + -5. What is the units digit of d?
8
Let a(v) be the first derivative of -5*v**2/2 - 14*v + 3. What is the tens digit of a(-10)?
3
What is the tens digit of ((-252)/(-60))/(5/1350)?
3
Suppose n = 3*z + 1446, 5*n + 0*z - 3*z - 7170 = 0. What is the thousands digit of n?
1
Let g = -44 + 81. What is the tens digit of 1/(4/g)*4?
3
Suppose -n = -2*n + 17. Let c(s) = 3*s - 23. What is the tens digit of c(n)?
2
What is the tens digit of 3577 - (2 + -4 - 0)*2?
8
Suppose 0 = -q + 4*i + 5, -3*i - 25 = -5*q - 6*i. Suppose 5*u + q*j + 23 = u, 4*j = -2*u - 16. What is the tens digit of 4 + u - (-11)/1?
1
Let j(c) be the first derivative of c**3/3 - 11*c**2/2 + 21*c + 17. What is the units digit of j(16)?
1
Suppose -5*w = -20, -22 = -3*m + 3*w + 17. Let n = m + 82. What is the tens digit of n?
9
Let v(h) = -2*h + 19. Let a be v(8). Suppose -a*y - 11 = 34. Let i = 42 + y. 